-121 + -3242243240?
-3242243411
In base 15, what is -1 - -7e25b?
7e25a
In base 4, what is -10332232 + 1032121?
-3300111
In base 16, what is 3 + 1b4ccd?
1b4cd0
In base 16, what is -2fa - baa74?
-bad6e
In base 5, what is -4302 - -341042?
331240
In base 12, what is 91a - 11762?
-10a44
In base 12, what is -733 + -3327?
-3a5a
In base 11, what is 2863053 - -5?
2863058
In base 2, what is 1101110111100 + 11100110011110?
101010101011010
In base 8, what is 127027 - -66?
127115
In base 5, what is -30424343 + 424?
-30423414
In base 5, what is -11031402100440 + -3?
-11031402100443
In base 14, what is -6 + -10abdd?
-10ac05
In base 12, what is 37411b78 + -4?
37411b74
In base 3, what is -11 + 202002210222002?
202002210221221
In base 6, what is 1505541 + 3125?
1513110
In base 6, what is 13521555 + 120?
13522115
In base 9, what is 483311 + 113?
483424
In base 8, what is -125547476 + -5?
-125547503
In base 10, what is 1322 - -111437?
112759
In base 10, what is -7681311 + 2?
-7681309
In base 5, what is 10 + 1322103110?
1322103120
In base 13, what is -7360790 + 4?
-7360789
In base 11, what is 1387 - 178?
120a
In base 3, what is -1010 - -10001100122?
10001022112
In base 11, what is -8212 - 30?
-8242
In base 9, what is 405 + -17256?
-16751
In base 5, what is -100200211 - 12?
-100200223
In base 6, what is -555 + 21341355?
21340400
In base 2, what is -1100011001 + 1100100011100110?
1100010111001101
In base 11, what is 1 - 1558192?
-1558191
In base 16, what is -3 + -1c558e9?
-1c558ec
In base 3, what is 120221 + 220221111?
221112102
In base 13, what is 6a - -119733?
1197a0
In base 2, what is -10000011010000100000100 + -11?
-10000011010000100000111
In base 4, what is 100 - -121312112101?
121312112201
In base 12, what is -6 + a5135?
a512b
In base 8, what is -13352536 + -23?
-13352561
In base 9, what is -5 - -223301670?
223301664
In base 6, what is -1550 + -112054101?
-112100051
In base 11, what is -6485a - -3300?
-6155a
In base 13, what is -34b19 + 5?
-34b14
In base 15, what is 21d1 + 3d1?
25b2
In base 12, what is -12b40 - 3a3?
-13323
In base 2, what is 1000 - -1100000010001100?
1100000010010100
In base 13, what is -6 + 3096104?
30960cb
In base 14, what is -61 + 2c52c6?
2c5265
In base 3, what is 1001110002100 - 111001?
1001102121022
In base 3, what is -1 - 101211221012102?
-101211221012110
In base 12, what is 1 - 649393a?
-6493939
In base 4, what is -200000221 + 21?
-200000200
In base 3, what is 10022010012111 + -1120?
10022010010221
In base 15, what is -4050 + 23d?
-3d12
In base 12, what is 23 - 16b84a?
-16b827
In base 16, what is -382 - -11c6c8?
11c346
In base 6, what is -1 + 10402435?
10402434
In base 3, what is 10022221011201 - 12?
10022221011112
In base 8, what is 127436 - -3016?
132454
In base 2, what is 11 + 10111011001110000111111?
10111011001110001000010
In base 3, what is -102012 - -12000011110021?
12000011001002
In base 4, what is 20112030 + -2?
20112022
In base 3, what is -1 - -2212120212002?
2212120212001
In base 16, what is 17537da + -5?
17537d5
In base 8, what is -2 - -1565741545?
1565741543
In base 16, what is 95f - 8f5e?
-85ff
In base 7, what is 0 + -406410101?
-406410101
In base 10, what is -4042 - -2429?
-1613
In base 13, what is 2 + -40b63237?
-40b63235
In base 4, what is -1021032021221 - -1?
-1021032021220
In base 4, what is -310301202 - -110?
-310301032
In base 12, what is 668 - -17952?
183ba
In base 7, what is -1002635 + 1144?
-1001461
In base 10, what is 0 + -10935272?
-10935272
In base 5, what is -40033222331 + -14?
-40033222400
In base 6, what is -1141 + -123532214?
-123533355
In base 13, what is -a1cca - 46?
-a2043
In base 16, what is 23b643 + 24?
23b667
In base 14, what is -11cd - -a004?
8c15
In base 4, what is 1 + -303030003330?
-303030003323
In base 5, what is -12301411 - -1212?
-12300144
In base 15, what is -70633 + -16?
-70649
In base 6, what is 44 - 111231121?
-111231033
In base 6, what is -12 - -12453524?
12453512
In base 2, what is -1010001110001 + 1011110011100111?
1010100001110110
In base 9, what is -351 - 4061565?
-4062026
In base 5, what is -34130141400 - -102?
-34130141243
In base 12, what is 0 + -98602?
-98602
In base 15, what is 16b42 - -cd?
16c20
In base 15, what is d11033 + 5?
d11038
In base 10, what is 5 + 520894?
520899
In base 10, what is 17525099 + 55?
17525154
In base 14, what is -2 - 1952c61?
-1952c63
In base 6, what is -453101302 + -24?
-453101330
In base 15, what is -2 + 19dc546?
19dc544
In base 3, what is -210121 + -122210201?
-200121022
In base 6, what is 1125 + 130524024?
130525153
In base 9, what is -123046 + -403?
-123450
In base 12, what is 3b55 + 1077?
5010
In base 8, what is -11 - 4543757?
-4543770
In base 16, what is -34b8 - -c1b?
-289d
In base 12, what is a8316 + -2?
a8314
In base 9, what is 2052731 - -40?
2052771
In base 12, what is -3 + 804673a9?
804673a6
In base 5, what is -3314 - -24210121?
24201302
In base 3, what is -122212211211221 + -1?
-122212211211222
In base 9, what is 174685 + -254?
174431
In base 6, what is 21441355 - 1?
21441354
In base 15, what is a - -3cab664?
3cab66e
In base 3, what is -221 - 102210020221221?
-102210020222212
In base 10, what is 1002200 + 109?
1002309
In base 5, what is 34103433 - 31?
34103402
In base 9, what is -131540 + -16?
-131556
In base 12, what is 9b2b - -a?
9b39
In base 10, what is 2 + 225610842?
225610844
In base 14, what is -154b418b - 5?
-154b4192
In base 2, what is 101 - -1000010111000100001010011?
1000010111000100001011000
In base 14, what is -3b7ca9b + 1?
-3b7ca9a
In base 11, what is 242 + -38627?
-38395
In base 4, what is -33101100033221 - -2?
-33101100033213
In base 16, what is 151 + -25bb1?
-25a60
In base 9, what is 3 + -418864453?
-418864450
In base 14, what is 2690a9 + -10?
269099
In base 5, what is -1100324 - -441?
-1044333
In base 12, what is -384ab - 918b?
-4567a
In base 3, what is -21220021212202 - 11?
-21220021212220
In base 14, what is -4a0b8 - -89?
-4a02d
In base 7, what is 2431236 + -1261?
2426645
In base 9, what is 208712185 + -3?
208712182
In base 14, what is -167588 - 6a?
-167614
In base 7, what is -230300 - 421?
-231021
In base 2, what is -1011100011011111 - 111010011010?
-1100011101111001
In base 4, what is 30313 - 2223032?
-2132113
In base 6, what is 1332142 - 1200?
1330542
In base 11, what is 5 - -9336605?
933660a
In base 12, what is 3 + -87020b56?
-87020b53
In base 2, what is 101001 - -100101111111001110011?
100101111111010011100
In base 2, what is 11000011110000011000 - 11100?
11000011101111111100
In base 9, what is 4130125 - -56?
4130182
In base 15, what is eebcb - -e?
eebda
In base 6, what is 1224412250 - 2?
1224412244
In base 13, what is 73b - 2896?
-2158
In base 4, what is -3 - -23213122300?
23213122231
In base 15, what is -aca - 3c20?
-47ea
In base 4, what is 21102112202 - -2?
21102112210
In base 10, what is 44 - 4969395?
-4969351
In base 14, what is -8d56a + 64?
-8d506
In base 6, what is -554535544 + -10?
-554535554
In base 12, what is -6789b8 + -18?
-678a14
In base 14, what is 15 - -1dcbb?
1dcd2
In base 11, what is -393959 + -a?
-393968
In base 2, what is 11 + -10001011101010111000001110?
-10001011101010111000001011
In base 6, what is 41053553045 + -11?
41053553034
In base 11, what is 0 - -10a4854?
10a4854
In base 6, what is -435425 + 43451?
-351534
In base 15, what is -1a13 - -163d?
-3c5
In base 15, what is -1 + -2462c662?
-2462c663
In base 7, what is 4053402 + -26?
4053343
In base 12, what is -5 + -181778?
-181781
In base 4, what is 1230 - -3210033130?
3210101020
In base 9, what is 15 + 23358482?
23358507
In base 4, what is 212300122201 - 12?
212300122123
In base 2, what is 110 + -1011000111000010110111?
-1011000111000010110001
In base 15, what is -63 - 13dc?
-1450
In base 7, what is 1 - -2606103?
2606104
In base 6, what is -50 - 1410201001?
-1410201051
In base 2, what is -111 + 100000011100111010?
100000011100110011
In base 13, what is -2 + 9961987?
9961985
In base 13, what is -123c24 - -11a?
-123b07
In base 2, what is -1100100110100011100100 - -11001000?
-1100100110100000011100
In base 16, what is -5 + 8dd2e85?
8dd2e80
In base 8, what is 25 - -15342016?
15342043
In base 14, what is 3 - 175501?
-1754dc
In base 9, what is 318427 + -1571?
316746
In base 4, what is 21202 - 2121312200?
-2121230332
In base 4, what is 112130212222 - 